{"id":1584,"date":"2024-02-15T15:41:57","date_gmt":"2024-02-15T13:41:57","guid":{"rendered":"https:\/\/sdztelecom.ro\/?page_id=1584"},"modified":"2024-02-15T15:41:57","modified_gmt":"2024-02-15T13:41:57","slug":"interfon-pancode-ip","status":"publish","type":"page","link":"https:\/\/sdztelecom.ro\/?page_id=1584","title":{"rendered":"Interfon Pancode IP"},"content":{"rendered":"\n<figure class=\"wp-block-image size-full\"><img loading=\"lazy\" decoding=\"async\" width=\"139\" height=\"180\" src=\"https:\/\/sdztelecom.ro\/wp-content\/uploads\/2024\/02\/interfon-pancode-ip-42-1.jpg\" alt=\"\" class=\"wp-image-1585\"\/><\/figure>\n\n\n\n<ul class=\"wp-block-list\">\n<li>Pentru utilizare \u00een exterior<\/li>\n\n\n\n<li>Interfata: extensie PBX<\/li>\n\n\n\n<li>PoE (IEEE802.3af, Power-over-Ethernet)<\/li>\n\n\n\n<li>Carcasa din aluminiu<\/li>\n\n\n\n<li>Tastatura \u2013 piezo<\/li>\n\n\n\n<li>Leg\u0103tur\u0103 direct\u0103 cu operatorul sau recep\u0163ionerul<\/li>\n\n\n\n<li>Cod de deschidere din interior de la orice extensie<\/li>\n\n\n\n<li>Operare hands-free<\/li>\n\n\n\n<li>Rezistenta la intemperii &amp; actiuni de vandalizare (system piezo)<\/li>\n\n\n\n<li>Rezistent la apa si la praf: IP55<\/li>\n\n\n\n<li>IEC 61000-6-2 &#8211; UE EMC Standard generic de imunitate, care verific\u0103 comportamentul dispozitivul sub interferen\u0163e electromagnetice si descarcare electrica<\/li>\n<\/ul>\n","protected":false},"excerpt":{"rendered":"","protected":false},"author":1,"featured_media":0,"parent":0,"menu_order":0,"comment_status":"closed","ping_status":"closed","template":"","meta":{"footnotes":""},"class_list":["post-1584","page","type-page","status-publish","hentry"],"_links":{"self":[{"href":"https:\/\/sdztelecom.ro\/index.php?rest_route=\/wp\/v2\/pages\/1584","targetHints":{"allow":["GET"]}}],"collection":[{"href":"https:\/\/sdztelecom.ro\/index.php?rest_route=\/wp\/v2\/pages"}],"about":[{"href":"https:\/\/sdztelecom.ro\/index.php?rest_route=\/wp\/v2\/types\/page"}],"author":[{"embeddable":true,"href":"https:\/\/sdztelecom.ro\/index.php?rest_route=\/wp\/v2\/users\/1"}],"replies":[{"embeddable":true,"href":"https:\/\/sdztelecom.ro\/index.php?rest_route=%2Fwp%2Fv2%2Fcomments&post=1584"}],"version-history":[{"count":0,"href":"https:\/\/sdztelecom.ro\/index.php?rest_route=\/wp\/v2\/pages\/1584\/revisions"}],"wp:attachment":[{"href":"https:\/\/sdztelecom.ro\/index.php?rest_route=%2Fwp%2Fv2%2Fmedia&parent=1584"}],"curies":[{"name":"wp","href":"https:\/\/api.w.org\/{rel}","templated":true}]}}