{"id":324,"date":"2024-01-20T15:33:53","date_gmt":"2024-01-20T13:33:53","guid":{"rendered":"https:\/\/sdztelecom.ro\/?page_id=324"},"modified":"2024-01-22T12:24:41","modified_gmt":"2024-01-22T10:24:41","slug":"sip-t53w","status":"publish","type":"page","link":"https:\/\/sdztelecom.ro\/?page_id=324","title":{"rendered":"SIP- T53W"},"content":{"rendered":"\n<div class=\"wp-block-buttons is-layout-flex wp-block-buttons-is-layout-flex\">\n<div class=\"wp-block-button\"><a class=\"wp-block-button__link wp-element-button\" href=\"https:\/\/sdztelecom.ro\/wp-content\/uploads\/2024\/01\/SIP-T53W.pdf\">Fisa Tehnica<\/a><\/div>\n<\/div>\n\n\n\n<p>Conceput special pentru directori \u0219i profesioni\u0219ti ocupa\u021bi, Yealink SIP-T53W este un telefon Prime Business u\u0219or de utilizat, cu un ecran LCD grafic reglabil de 3,7 inchi, pe care \u00eel pute\u021bi g\u0103si u\u0219or \u0219i flexibil unghiul de vizualizare confortabil \u00een func\u021bie de nevoile personale \u0219i de mediu. Cu Bluetooth 4.2 \u00eencorporat \u0219i Wi-Fi dual band 2.4G\/5G \u00eencorporat, telefonul IP SIP-T53W v\u0103 asigur\u0103 s\u0103 p\u0103stra\u021bi<br>cu tehnologia wireless modern\u0103 \u0219i profita\u021bi de prima \u0219ans\u0103 \u00een viitoarea era wireless. Portul s\u0103u USB 2.0 \u00eencorporat permite USB<br>\u00eenregistrare sau o conexiune direct\u0103 cu c\u0103\u0219ti USB cu fir\/f\u0103r\u0103 fir sau p\u00e2n\u0103 la trei module de extensie Yealink EXP50. Beneficiind de acestea<br>caracteristici, Yealink SIP-T53W este un telefon de birou puternic \u0219i extensibil, care ofer\u0103 o eficien\u021b\u0103 \u0219i productivitate optime pentru desktop.<\/p>\n\n\n\n<figure class=\"wp-block-image size-large is-resized\"><img loading=\"lazy\" decoding=\"async\" width=\"1024\" height=\"271\" src=\"https:\/\/sdztelecom.ro\/wp-content\/uploads\/2024\/01\/SIP-T53W-1024x271.png\" alt=\"\" class=\"wp-image-623\" style=\"width:1169px;height:auto\" srcset=\"https:\/\/sdztelecom.ro\/wp-content\/uploads\/2024\/01\/SIP-T53W-1024x271.png 1024w, https:\/\/sdztelecom.ro\/wp-content\/uploads\/2024\/01\/SIP-T53W-300x79.png 300w, https:\/\/sdztelecom.ro\/wp-content\/uploads\/2024\/01\/SIP-T53W-768x203.png 768w, https:\/\/sdztelecom.ro\/wp-content\/uploads\/2024\/01\/SIP-T53W.png 1275w\" sizes=\"auto, (max-width: 1024px) 100vw, 1024px\" \/><\/figure>\n\n\n\n<ul class=\"wp-block-list\">\n<li>LCD grafic de 3,7&#8243; 360&#215;160 pixeli cu iluminare de fundal<\/li>\n\n\n\n<li>Ecran LCD reglabil<\/li>\n\n\n\n<li>Imagini cu firmware dual<\/li>\n\n\n\n<li>Firmware-ul T53\/T53W\/T54W\/T57W unificat<\/li>\n\n\n\n<li>Bluetooth 4.2 \u00eencorporat<\/li>\n\n\n\n<li>Wi-Fi dual band 2.4G\/5G \u00eencorporat (802.11a\/b\/g\/n)<\/li>\n\n\n\n<li>Port USB 2.0 pentru \u00eenregistrare USB,<br>C\u0103\u0219ti USB cu fir\/f\u0103r\u0103 fir \u0219i EXP50<\/li>\n\n\n\n<li>P\u00e2n\u0103 la 12 conturi VoIP<\/li>\n\n\n\n<li>Dual-port Gigabit Ethernet<\/li>\n\n\n\n<li>Suport PoE<\/li>\n\n\n\n<li>Telefon HAC<\/li>\n\n\n\n<li>Design de etichet\u0103 f\u0103r\u0103 h\u00e2rtie<\/li>\n\n\n\n<li>Se poate monta pe perete<\/li>\n<\/ul>\n","protected":false},"excerpt":{"rendered":"<p>Conceput special pentru directori \u0219i profesioni\u0219ti ocupa\u021bi, Yealink SIP-T53W este un telefon Prime Business u\u0219or de utilizat, cu un ecran LCD grafic reglabil de 3,7 inchi, pe care \u00eel pute\u021bi g\u0103si u\u0219or \u0219i flexibil unghiul de vizualizare confortabil \u00een func\u021bie de nevoile personale \u0219i de mediu. Cu Bluetooth 4.2 \u00eencorporat \u0219i Wi-Fi dual band 2.4G\/5G [&hellip;]<\/p>\n","protected":false},"author":1,"featured_media":0,"parent":0,"menu_order":0,"comment_status":"closed","ping_status":"closed","template":"","meta":{"footnotes":""},"class_list":["post-324","page","type-page","status-publish","hentry"],"_links":{"self":[{"href":"https:\/\/sdztelecom.ro\/index.php?rest_route=\/wp\/v2\/pages\/324","targetHints":{"allow":["GET"]}}],"collection":[{"href":"https:\/\/sdztelecom.ro\/index.php?rest_route=\/wp\/v2\/pages"}],"about":[{"href":"https:\/\/sdztelecom.ro\/index.php?rest_route=\/wp\/v2\/types\/page"}],"author":[{"embeddable":true,"href":"https:\/\/sdztelecom.ro\/index.php?rest_route=\/wp\/v2\/users\/1"}],"replies":[{"embeddable":true,"href":"https:\/\/sdztelecom.ro\/index.php?rest_route=%2Fwp%2Fv2%2Fcomments&post=324"}],"version-history":[{"count":0,"href":"https:\/\/sdztelecom.ro\/index.php?rest_route=\/wp\/v2\/pages\/324\/revisions"}],"wp:attachment":[{"href":"https:\/\/sdztelecom.ro\/index.php?rest_route=%2Fwp%2Fv2%2Fmedia&parent=324"}],"curies":[{"name":"wp","href":"https:\/\/api.w.org\/{rel}","templated":true}]}}