{"id":334,"date":"2024-01-20T15:35:25","date_gmt":"2024-01-20T13:35:25","guid":{"rendered":"https:\/\/sdztelecom.ro\/?page_id=334"},"modified":"2024-01-22T14:09:40","modified_gmt":"2024-01-22T12:09:40","slug":"vp59-2","status":"publish","type":"page","link":"https:\/\/sdztelecom.ro\/?page_id=334","title":{"rendered":"VP59"},"content":{"rendered":"\n<div class=\"wp-block-buttons is-layout-flex wp-block-buttons-is-layout-flex\">\n<div class=\"wp-block-button\"><a class=\"wp-block-button__link wp-element-button\" href=\"https:\/\/sdztelecom.ro\/wp-content\/uploads\/2024\/01\/VP59.pdf\">Fisa Tehnica<\/a><\/div>\n<\/div>\n\n\n\n<p>Yealink VP59 \u00eentruchipeaz\u0103 viitorul colabor\u0103rii, deoarece este special conceput pentru a optimiza comunicarea pentru directorii la cerere \u0219i telelucr\u0103torii deopotriv\u0103. Cu un ecran tactil de 8 inchi \u0219i design interactiv centrat pe utilizator, VP59 permite utilizatorilor s\u0103 se al\u0103ture sau s\u0103 controleze un \u00eent\u00e2lnirea rapid\u0103 \u0219i f\u0103r\u0103 efort. Poate reduce foarte mult dificultatea utiliz\u0103rii sistemului de conferin\u021be video \u0219i poate \u00eembun\u0103t\u0103\u021bi \u00eent\u00e2lnirea experien\u0163\u0103.<br>\u00cen plus, VP59 are Wi-Fi dual-band \u0219i accept\u0103 partajarea f\u0103r\u0103 fir de con\u021binut atunci c\u00e2nd este asociat cu Yealink WPP20. Si e<br>profund integrat cu Yealink Meeting Server (YMS) \u0219i alte platforme video ter\u021b\u0103 parte. Cu toate caracteristicile, VP59 faciliteaz\u0103 colaborarea perfect\u0103 \u0219i eficient\u0103 \u00eentre angaja\u021bi, parteneri de afaceri, p\u0103r\u021bile interesate cheie \u0219i clien\u021bi.<\/p>\n\n\n\n<figure class=\"wp-block-image size-large is-resized\"><img loading=\"lazy\" decoding=\"async\" width=\"1024\" height=\"306\" src=\"https:\/\/sdztelecom.ro\/wp-content\/uploads\/2024\/01\/VP59-1-1024x306.png\" alt=\"\" class=\"wp-image-662\" style=\"width:1173px;height:auto\" srcset=\"https:\/\/sdztelecom.ro\/wp-content\/uploads\/2024\/01\/VP59-1-1024x306.png 1024w, https:\/\/sdztelecom.ro\/wp-content\/uploads\/2024\/01\/VP59-1-300x90.png 300w, https:\/\/sdztelecom.ro\/wp-content\/uploads\/2024\/01\/VP59-1-768x229.png 768w, https:\/\/sdztelecom.ro\/wp-content\/uploads\/2024\/01\/VP59-1.png 1259w\" sizes=\"auto, (max-width: 1024px) 100vw, 1024px\" \/><\/figure>\n\n\n\n<p>Ecran HD de 8\u201d (1280 x 800) cu 10 puncte<br>ecran multi-touch<\/p>\n\n\n\n<ul class=\"wp-block-list\">\n<li>Compatibil cu mai multe platforme cloud (Yealink\/Zoom\/Pexip\/BlueJeans\/EasyMeet)<\/li>\n\n\n\n<li>Apel video FHD 1080P@30FPS<\/li>\n\n\n\n<li>Camer\u0103 HD de 2 megapixeli cu obturator de confiden\u021bialitate<\/li>\n\n\n\n<li>Suport\u0103 codec video H.264 HP<\/li>\n\n\n\n<li>Wi-Fi dual band \u00eencorporat (2,4GHz\/5GHz)<\/li>\n\n\n\n<li>1 x HDMI pentru conectare la monitor sau TV<\/li>\n\n\n\n<li>Accept\u0103 \u00eenregistrarea \u0219i redarea USB<\/li>\n\n\n\n<li>Suport\u0103 conferin\u021be mixte audio\/video \u00een 6 c\u0103i<\/li>\n\n\n\n<li>Accept\u0103 partajarea f\u0103r\u0103 fir de con\u021binut<\/li>\n\n\n\n<li>Suport\u0103 Power over Ethernet<\/li>\n<\/ul>\n","protected":false},"excerpt":{"rendered":"<p>Yealink VP59 \u00eentruchipeaz\u0103 viitorul colabor\u0103rii, deoarece este special conceput pentru a optimiza comunicarea pentru directorii la cerere \u0219i telelucr\u0103torii deopotriv\u0103. Cu un ecran tactil de 8 inchi \u0219i design interactiv centrat pe utilizator, VP59 permite utilizatorilor s\u0103 se al\u0103ture sau s\u0103 controleze un \u00eent\u00e2lnirea rapid\u0103 \u0219i f\u0103r\u0103 efort. Poate reduce foarte mult dificultatea utiliz\u0103rii sistemului [&hellip;]<\/p>\n","protected":false},"author":1,"featured_media":0,"parent":0,"menu_order":0,"comment_status":"closed","ping_status":"closed","template":"","meta":{"footnotes":""},"class_list":["post-334","page","type-page","status-publish","hentry"],"_links":{"self":[{"href":"https:\/\/sdztelecom.ro\/index.php?rest_route=\/wp\/v2\/pages\/334","targetHints":{"allow":["GET"]}}],"collection":[{"href":"https:\/\/sdztelecom.ro\/index.php?rest_route=\/wp\/v2\/pages"}],"about":[{"href":"https:\/\/sdztelecom.ro\/index.php?rest_route=\/wp\/v2\/types\/page"}],"author":[{"embeddable":true,"href":"https:\/\/sdztelecom.ro\/index.php?rest_route=\/wp\/v2\/users\/1"}],"replies":[{"embeddable":true,"href":"https:\/\/sdztelecom.ro\/index.php?rest_route=%2Fwp%2Fv2%2Fcomments&post=334"}],"version-history":[{"count":0,"href":"https:\/\/sdztelecom.ro\/index.php?rest_route=\/wp\/v2\/pages\/334\/revisions"}],"wp:attachment":[{"href":"https:\/\/sdztelecom.ro\/index.php?rest_route=%2Fwp%2Fv2%2Fmedia&parent=334"}],"curies":[{"name":"wp","href":"https:\/\/api.w.org\/{rel}","templated":true}]}}